divided by 54.
48
What is the remainder when 83 is divided by 14?
13
Calculate the remainder when 1763 is divided by 63.
62
What is the remainder when 121 is divided by 7?
2
Calculate the remainder when 11378 is divided by 34.
22
What is the remainder when 165 is divided by 51?
12
Calculate the remainder when 32317 is divided by 320.
317
What is the remainder when 37 is divided by 10?
7
Calculate the remainder when 568 is divided by 393.
175
Calculate the remainder when 1563 is divided by 112.
107
What is the remainder when 1484 is divided by 47?
27
What is the remainder when 10867 is divided by 76?
75
Calculate the remainder when 1682 is divided by 153.
152
What is the remainder when 161 is divided by 37?
13
Calculate the remainder when 966 is divided by 29.
9
What is the remainder when 1020 is divided by 8?
4
What is the remainder when 703 is divided by 37?
0
Calculate the remainder when 917 is divided by 458.
1
Calculate the remainder when 370 is divided by 182.
6
Calculate the remainder when 574 is divided by 18.
16
Calculate the remainder when 204 is divided by 52.
48
Calculate the remainder when 6971 is divided by 45.
41
Calculate the remainder when 875 is divided by 16.
11
What is the remainder when 1541 is divided by 472?
125
What is the remainder when 3122 is divided by 60?
2
Calculate the remainder when 355 is divided by 78.
43
Calculate the remainder when 347 is divided by 25.
22
What is the remainder when 44 is divided by 31?
13
Calculate the remainder when 1000 is divided by 26.
12
What is the remainder when 600 is divided by 11?
6
What is the remainder when 3736 is divided by 933?
4
Calculate the remainder when 4282 is divided by 134.
128
Calculate the remainder when 167 is divided by 131.
36
What is the remainder when 75 is divided by 26?
23
What is the remainder when 3659 is divided by 30?
29
What is the remainder when 890 is divided by 882?
8
Calculate the remainder when 113 is divided by 22.
3
Calculate the remainder when 231 is divided by 111.
9
What is the remainder when 2061 is divided by 6?
3
What is the remainder when 107 is divided by 9?
8
Calculate the remainder when 3035 is divided by 132.
131
What is the remainder when 108 is divided by 30?
18
Calculate the remainder when 497 is divided by 266.
231
Calculate the remainder when 7497 is divided by 25.
22
Calculate the remainder when 106 is divided by 60.
46
What is the remainder when 573 is divided by 57?
3
What is the remainder when 25 is divided by 2?
1
What is the remainder when 98 is divided by 8?
2
Calculate the remainder when 187 is divided by 14.
5
What is the remainder when 128 is divided by 24?
8
Calculate the remainder when 62 is divided by 5.
2
Calculate the remainder when 188 is divided by 18.
8
What is the remainder when 15 is divided by 11?
4
What is the remainder when 1285 is divided by 23?
20
What is the remainder when 405 is divided by 157?
91
Calculate the remainder when 3756 is divided by 32.
12
What is the remainder when 103 is divided by 26?
25
What is the remainder when 198 is divided by 17?
11
What is the remainder when 391 is divided by 201?
190
What is the remainder when 3108 is divided by 621?
3
Calculate the remainder when 1339 is divided by 666.
7
Calculate the remainder when 8721 is divided by 49.
48
What is the remainder when 1620 is divided by 44?
36
Calculate the remainder when 218 is divided by 23.
11
What is the remainder when 59518 is divided by 62?
60
Calculate the remainder when 274 is divided by 100.
74
What is the remainder when 447 is divided by 215?
17
Calculate the remainder when 183 is divided by 67.
49
Calculate the remainder when 825 is divided by 266.
27
Calculate the remainder when 83 is divided by 73.
10
What is the remainder when 1164 is divided by 15?
9
What is the remainder when 2220 is divided by 19?
16
Calculate the remainder when 71 is divided by 14.
1
What is the remainder when 3379 is divided by 169?
168
Calculate the remainder when 183 is divided by 11.
7
What is the remainder when 28996 is divided by 162?
160
Calculate the remainder when 388 is divided by 128.
4
What is the remainder when 1839 is divided by 480?
399
Calculate the remainder when 384 is divided by 189.
6
What is the remainder when 764 is divided by 25?
14
What is the remainder when 240 is divided by 51?
36
What is the remainder when 194 is divided by 143?
51
What is the remainder when 148 is divided by 110?
38
What is the remainder when 2178 is divided by 46?
16
What is the remainder when 36 is divided by 17?
2
What is the remainder when 159 is divided by 53?
0
Calculate the remainder when 1880 is divided by 137.
99
Calculate the remainder when 545 is divided by 150.
95
What is the remainder when 13 is divided by 4?
1
Calculate the remainder when 11130 is divided by 16.
10
Calculate the remainder when 88 is divided by 4.
0
Calculate the remainder when 349 is divided by 89.
82
Calculate the remainder when 318 is divided by 40.
38
What is the remainder when 5 is divided by 3?
2
What is the remainder when 544 is divided by 137?
133
Calculate the remainder when 648 is divided by 93.
90
Calculate the remainder when 4793 is divided by 958.
3
What is the remainder when 504 is divided by 129?
117
What is the remainder when 639 is divided by 80?
79
What is the remainder when 278 is divided by 18?
8
Calculate the remainder when 133 is divided by 27.
25
What is the remainder when 134 is divided by 4?
2
What is the remainder when 4323 is divided by 117?
111
Calculate the remainder when 33855 is divided by 297.
294
What is the remainder when 86 is divided by 19?
10
What is the remainder when 2961 is divided by 26?
23
What is the remainder when 2785 is divided by 12?
1
What is the remainder when 137 is divided by 5?
2
Calculate the remainder when 176 is divided by 26.
20
Calculate the remainder when 300 is divided by 96.
12
What is the remainder when 141 is divided by 40?
21
Calculate the remainder when 651 is divided by 133.
119
Calculate the remainder when 132 is divided by 19.
18
Calculate the remainder when 1189 is divided by 71.
53
What is the remainder when 831 is divided by 124?
87
What is the remainder when 143 is divided by 74?
69
What is the remainder when 164 is divided by 18?
2
Calculate the remainder when 161 is divided by 54.
53
What is the remainder when 363 is divided by 14?
13
Calculate the remainder when 1142 is divided by 238.
190
Calculate the remainder when 91 is divided by 8.
3
Calculate the remainder when 586 is divided by 42.
40
Calculate the remainder when 724 is divided by 20.
4
Calculate the remainder when 7552 is divided by 52.
12
What is the remainder when 1120 is divided by 59?
58
What is the remainder when 68 is divided by 15?
8
Calculate the remainder when 1656 is divided by 79.
76
Calculate the remainder when 22 is divided by 3.
1
Calculate the remainder when 14109 is divided by 72.
69
Calculate the remainder when 113 is divided by 58.
55
Calculate the remainder when 233 is divided by 48.
41
What is the remainder when 486 is divided by 406?
80
What is the remainder when 305 is divided by 22?
19
Calculate the remainder when 319 is divided by 20.
19
Calculate the remainder when 3316 is divided by 69.
4
What is the remainder when 921 is divided by 11?
8
Calculate the remainder when 5095 is divided by 189.
181
What is the remainder when 2222 is divided by 23?
14
What is the remainder when 1748 is divided by 17?
14
Calculate the remainder when 644 is divided by 94.
80
Calculate the remainder when 220 is divided by 92.
36
What is the remainder when 795 is divided by 57?
54
What is the remainder when 1560 is divided by 779?
2
Calculate the remainder when 70 is divided by 18.
16
What is the remainder when 2995 is divided by 2982?
13
Calculate the remainder when 1373 is divided by 259.
78
What is the remainder when 35920 is divided by 479?
474
What is the remainder when 2095 is divided by 2091?
4
Calculate the remainder when 133 is divided by 113.
20
What is the remainder when 6278 is divided by 157?
155
What is the remainder when 390 is divided by 23?
22
What is the remainder when 1348 is divided by 349?
301
What is the remainder when 417 is divided by 10?
7
What is the remainder when 1234 is divided by 182?
142
Calculate the remai